 4174. Give q(-26).
324
Let w(h) = 405*h**2 + 9280*h - 519. What is w(-23)?
286
Let c(m) = -36*m**2 - 93*m + 93. Calculate c(2).
-237
Let j(g) = 231*g**2 - 470*g + 38. Give j(2).
22
Let i(k) = k**3 - 75*k**2 + 92*k - 1417. Calculate i(74).
-85
Let c(g) = 2*g**2 + 3786*g - 6732591. What is c(-3011)?
5
Let b(o) = -32407*o - 291609. Give b(-9).
54
Let k(w) = -18245*w - 2006942. Give k(-110).
8
Let v(y) = -17632*y - 70591. Give v(-4).
-63
Let c(l) = l**3 - 2044*l**2 + 117116*l - 62. Determine c(59).
-3
Let u(y) = 16*y**2 + 4461*y + 3632. What is u(-278)?
18
Let m(d) = d**2 - 157*d - 175617. What is m(-348)?
123
Let r(t) = 1446*t**2 - 3243*t + 700. What is r(2)?
-2
Let t(h) = 1781*h - 375798. Calculate t(211).
-7
Let r(p) = p**3 + 155*p**2 - 785*p + 2383. Give r(-160).
-17
Let k(d) = -55505*d - 277345. Give k(-5).
180
Let t(f) = -f**2 + 39*f + 1901. Give t(-38).
-1025
Let j(b) = 10*b**3 - 2*b**2 - 269*b - 13. Give j(-5).
32
Let m(c) = c**3 + 36*c**2 + 109*c + 4699. What is m(-36)?
775
Let x(u) = -357*u + 1060. What is x(8)?
-1796
Let m(s) = -s**3 - 69*s**2 - 10*s + 275. Calculate m(-69).
965
Let l(k) = -1444*k**2 + 96*k + 93. Calculate l(-1).
-1447
Let o(t) = 388*t + 39827. What is o(-103)?
-137
Let p(j) = -611*j + 232. Determine p(1).
-379
Let l(a) = -803*a**2 - 111615*a + 252. Calculate l(-139).
-26
Let t(h) = 25932*h - 103750. What is t(4)?
-22
Let j(f) = 608*f + 58869. Determine j(-97).
-107
Let u(y) = -2*y**3 + 5*y**2 - 22*y - 60. What is u(7)?
-655
Let f(z) = -5*z**2 + 564*z - 11900. What is f(28)?
-28
Let f(o) = o**3 + 102*o**2 + 1880*o - 60. Give f(-78).
-684
Let i(s) = 10*s**3 + 78*s**2 + 15*s + 255. Give i(-8).
7
Let u(y) = 2989*y - 203225. What is u(68)?
27
Let x(m) = -568817*m - 4550543. What is x(-8)?
-7
Let g(i) = i**3 + 73*i**2 + 748*i + 117. Determine g(-61).
-859
Let r(s) = -28*s**2 + 748*s - 92. Calculate r(26).
428
Let g(x) = -x**2 + 164156*x - 492475. Give g(3).
-16
Let y(n) = -2*n**3 + 5*n**2 - 147*n - 1045. Calculate y(-5).
65
Let b(h) = -907*h - 146037. Determine b(-161).
-10
Let s(u) = u**2 + 25904*u - 129551. Calculate s(5).
-6
Let q(l) = 2365*l - 14284. Give q(6).
-94
Let a(n) = -2638*n + 100692. Determine a(38).
448
Let v(r) = -10*r**2 - 215*r + 2679. What is v(12)?
-1341
Let y(z) = -9404*z - 18893. Determine y(-2).
-85
Let x(h) = -8183*h + 1112853. Give x(136).
-35
Let n(i) = 6*i**3 + 12*i**2 - 13*i - 37. What is n(-3)?
-52
Let k(p) = -3*p**3 - 258*p**2 + 798*p - 304. Determine k(-89).
-37
Let g(b) = -b**3 + 634*b**2 + 3225*b + 103. Give g(-5).
-47
Let t(h) = 39*h**2 - 3203*h - 56818. Determine t(-15).
2
Let s(r) = 949*r + 500876. What is s(-528)?
-196
Let y(i) = -i**3 + 70*i**2 - 465*i + 59. What is y(7)?
-109
Let y(n) = 270713*n + 812131. What is y(-3)?
-8
Let k(q) = q**3 - 13*q**2 - 18*q + 242. What is k(13)?
8
Let k(g) = -1817*g - 19985. What is k(-11)?
2
Let a(s) = -2*s**3 + 167*s**2 - 246*s + 55. What is a(82)?
55
Let r(n) = 26*n**3 - 3*n**2 + 467*n - 913. Give r(2).
217
Let o(d) = 3*d**2 - 2098*d - 38802. Give o(-18).
-66
Let d(o) = -o**2 + 852*o + 280921. What is d(-254)?
-3
Let g(n) = -10*n**3 - 161*n**2 - 18*n - 138. Calculate g(-16).
-106
Let s(x) = x**2 - 1864*x + 134280. Calculate s(75).
105
Let n(o) = -15*o**3 - 6*o**2 + 37*o - 54. Calculate n(-5).
1486
Let y(d) = d**3 + 179*d**2 + 1679*d - 138. Give y(-169).
1721
Let c(a) = 5*a**2 - 1484*a + 74352. Determine c(233).
25
Let p(k) = k**3 + 115*k**2 - 4542*k + 275. What is p(31)?
-221
Let y(k) = -30*k - 5164. Calculate y(-168).
-124
Let r(h) = -2*h**3 + 1752*h**2 - 1788*h + 33245. Give r(875).
-5
Let l(w) = -1621*w**2 - 3924*w + 10. Give l(-3).
-2807
Let x(f) = 7*f**2 + 636*f - 931. What is x(-95)?
1824
Let c(s) = -21083*s + 2192770. What is c(104)?
138
Let d(b) = b**2 - 359*b + 30731. Give d(217).
-83
Let y(s) = s**3 + 36*s**2 + 39*s - 2. Give y(-33).
1978
Let u(f) = -f**3 + 236*f**2 + 717*f + 8. Calculate u(239).
8
Let a(n) = 2829*n + 373404. Give a(-132).
-24
Let d(z) = -2*z**2 - 380039*z - 1900162. Calculate d(-5).
-17
Let u(o) = 97*o**2 - 216*o + 19. Determine u(2).
-25
Let z(f) = 24*f**2 + 775*f - 2525. Give z(3).
16
Let g(c) = -2*c**2 - 470*c - 27263. Calculate g(-103).
-71
Let f(i) = -2*i**3 - 134*i**2 - 496*i - 587. Calculate f(-63).
-1091
Let i(b) = -b**2 - 1822*b + 274664. Give i(140).
-16
Let a(r) = -69166*r - 69156. Give a(-1).
10
Let h(j) = -j**3 - 107*j**2 - 594*j + 456. What is h(-101)?
-756
Let x(k) = -k**3 - 13*k**2 + 45*k - 126. What is x(-9)?
-855
Let f(s) = 5*s**3 - 61*s**2 - 1219*s - 503. Determine f(23).
26
Let j(p) = p**3 - 56*p**2 - 358*p - 481. What is j(62)?
387
Let y(t) = 198*t**2 + 1123*t + 27. Give y(-6).
417
Let j(c) = c**3 + 9*c**2 + 254*c + 1422. Calculate j(-6).
6
Let x(n) = 12*n**2 - 2740*n + 6341. What is x(226)?
13
Let r(g) = -176*g**2 - 2702*g + 6. Determine r(-16).
-1818
Let r(h) = 141*h - 2940. Determine r(14).
-966
Let o(c) = -253*c + 2283. Determine o(11).
-500
Let t(n) = -n**2 - 54*n - 183. Determine t(-17).
446
Let o(c) = -33*c**2 - 28*c - 102. Give o(-7).
-1523
Let g(o) = o**3 - 38*o**2 + 182*o + 480. Give g(32).
160
Let x(m) = 19*m**2 + 14630*m + 87098. Give x(-6).
2
Let c(l) = -434*l + 368. Calculate c(2).
-500
Let k(z) = z**2 - 6837*z - 813609. Give k(-117).
9
Let y(q) = 11*q**3 + 724*q**2 - 76*q + 3687. Give y(-66).
-9
Let a(m) = -15075*m - 452453. Determine a(-30).
-203
Let l(d) = -7*d**3 - 152*d**2 - 755*d - 16. Calculate l(-8).
-120
Let f(k) = k**3 + 203*k**2 - 2121*k + 12. What is f(10)?
102
Let i(m) = 2157*m + 1763. Give i(0).
1763
Let t(s) = -10*s**2 - 859*s - 11712. Calculate t(-17).
1
Let i(x) = -67*x - 15195. Give i(-221).
-388
Let y(g) = 3101*g - 9077. Determine y(3).
226
Let f(o) = o**3 - 102*o**2 + 384*o - 49732. Give f(103).
429
Let i(r) = 3*r**2 - 145*r - 73766. Give i(183).
166
Let n(b) = 19*b**2 + 300*b + 254. Give n(-1).
-27
Let c(s) = -s**3 - 36*s**2 - 279*s - 100. Determine c(-25).
0
Let o(s) = -16*s**3 - 3068*s**2 + 664*s - 19965. Give o(-192).
3
Let c(z) = z**3 + 214*z**2 + 667*z - 36329. Calculate c(-210).
1
Let y(b) = -2*b**3 - 300*b**2 + 589*b - 2865. Give y(-152).
23
Let o(g) = -2*g**2 + 55*g + 637. Give o(48).
-1331
Let p(m) = m**3 + 138*m**2 - 536*m + 4864. Give p(-142).
320
Let x(r) = 52*r**2 - 3277*r - 62. Determine x(63).
-125
Let x(y) = 3*y**2 + 147*y + 1595. Give x(-21).
-169
Let d(l) = -510971*l + 4598730. What is d(9)?
-9
Let h(z) = 74*z - 9472. Calculate h(128).
0
Let w(c) = 73429*c + 1101400. Calculate w(-15).
-35
Let u(s) = -11*s**3 + 193*s**2 - 107*s - 85. Calculate u(1).
-10
Let h(l) = l**3 + 367*l**2 + 18909*l - 469. Give h(-305).
-164
Let k(j) = 6*j**3 + 5*j**2 - 392*j + 1714. Determine k(5).
629
Let p(l) = -3*l**2 + 53*l + 2766. Determine p(-23).
-40
Let g(k) = k**2 - 115*k - 396. Give g(119).
80
Let v(m) = -m**2 - m + 71422. Determine v(-268).
-134
Let r(x) = -171*x - 3312. Calculate r(-18).
-234
Let m(r) = -r**3 - 106*r**2 + 1265*r - 1627. What is m(-117)?
947
Let d(o) = -1006089*o + 5030450. Determine d(5).
5
Let q(s) = s**2 - 5480*s + 43821. Calculate q(8).
45
Let i(r) = r**2 + 1207*r + 314327. Calculate i(-380).
67
Let z(q) = 3*q**2 - 302*q + 2955. What is z(10)?
235
Let z(x) = -12170*x - 535477. Calculate z(-44).
3
Let i(c) = -13896*c + 318987. Determine i(23).
-621
Let n(a) = -a**2 - 1749*a + 19458. Give n(11).
98
Let i(v) = -14*v**2 - 383*v + 223. What is i(-27)?
358
Let a(n) = -2*n**3 + 426*n**2 + n + 237. Calculate a(213).
450
Let i(b) = -b**2 + 713*b + 47899. Give i(-62).
-151
Let o(a) = -a**3 - 117*a**2 - 92*a + 5282. What is o(-116)?
2498
Let i(t) = t**3 - 18*t**2 - 50*t + 88. What is i(20)?
-112
Let c(u) = u**3 + 165*u**2 + 6627*u + 274. Calculate c(-96).
-14
Let n(m) = m**3 + 173*m**2 + 880*m - 20370. What is n(-167)?
4
Let r(q) = -4*q**2 - 234*q + 33648. Calculate r(67).
14
Let q(l) = 22*l**2 + 1008*l - 1243. Give q(-47).
-21
Let z(i) = -140359*i + 1122819. Calculate z(8).
-53
Let d(q) = 2658*q - 265767. What is d(100)?
33
Let h(q) = 517*q - 14192. Give h(27).
-233
Let b(r) = -2*r**2 - 12*r + 3224. Determine b(34).
504
Let k(b) = b**2 - 23183*b - 1161680. Give k(-50).
-30
Let q(l) = -l**3 - 255*l**2 + 1809*l - 6502. Calculate q(-262).
48
Let a(n) = 6*n**3 + n**2 - 256*n + 1276. Determine a(5).
771
Let m(t) = -2010045*t - 10050247. Determine m(-5).
-2